1010011
331323032 (base 4) to base 8
757316
Convert -111340131 (base 5) to base 14.
-ccc15
Convert 252033 (base 8) to base 15.
1abe7
Convert 7bae2d (base 15) to base 9.
12106207
What is -411c0 (base 16) in base 6?
-5414400
-110002211220211 (base 3) to base 6
-345520034
5c005 (base 13) to base 6
3343114
What is b3304f (base 16) in base 9?
24077713
1c542 (base 13) to base 3
2211120120
What is c118e (base 16) in base 4?
3001012032
What is dd0694 (base 15) in base 3?
201211001111011
Convert -4010b3 (base 12) to base 7.
-11322156
What is 2121121231 (base 4) in base 15?
c628d
Convert 100001110111000 (base 2) to base 7.
101354
Convert -435b6 (base 15) to base 12.
-a3969
What is -241252142 (base 6) in base 9?
-8501808
10323132 (base 4) to base 3
1000200210
2120250 (base 8) to base 14
10a0ac
Convert 27211220 (base 9) to base 15.
129dc13
Convert -3034110 (base 6) to base 8.
-432572
What is -14144329 (base 10) in base 9?
-28547331
Convert b1ca11 (base 15) to base 10.
8446516
What is 1075106 (base 10) in base 15?
16383b
Convert 32402105 (base 7) to base 4.
22211032013
What is -1340260 (base 9) in base 15?
-e7bd3
Convert -123621 (base 7) to base 14.
-8511
What is -230421342 (base 5) in base 12?
-4179b9
393b15 (base 12) to base 10
939905
What is -4245aa (base 11) in base 7?
-5530103
What is 1221101100 (base 3) in base 15?
b4ac
1001101102220 (base 3) to base 11
351871
10101110000001000010 (base 2) to base 7
6026022
24670657 (base 8) to base 2
10100110111000110101111
What is -2100737 (base 9) in base 4?
-10102003210
1600121 (base 9) to base 13
250282
What is 1310132130 (base 4) in base 16?
7479c
What is -1b81b (base 16) in base 11?
-77715
1000101010000110001011 (base 2) to base 10
2269579
What is 43021244 (base 5) in base 4?
1120011320
Convert 10530134 (base 6) to base 10.
322762
What is -712848 (base 12) in base 16?
-1af738
Convert 3212887 (base 9) to base 6.
100520211
Convert -111201000111 (base 3) to base 2.
-1000001110110101111
What is 73a1aa (base 11) in base 15?
1860db
-5bb2 (base 14) to base 5
-1003112
Convert 5a4b0 (base 15) to base 2.
1000110010011000100
What is 233605 (base 7) in base 8?
122241
Convert 103120022100 (base 4) to base 11.
295a4a6
Convert -7614a9 (base 11) to base 5.
-302422022
What is -20022010 (base 5) in base 13?
-56a60
Convert 97865 (base 14) to base 13.
cab39
What is 106531 (base 8) in base 3?
1211122012
Convert 359852 (base 13) to base 16.
137fb4
Convert 2e009 (base 16) to base 11.
119626
What is -100101100000010000 (base 2) in base 14?
-3dda8
Convert -186443 (base 9) to base 8.
-343062
What is -218ab7 (base 12) in base 14?
-dc76b
Convert 1006b68 (base 12) to base 10.
2998016
What is 6884a (base 11) in base 6?
2044420
40432031 (base 5) to base 4
1033313211
Convert 2414032232 (base 5) to base 11.
3193065
Convert 7006673 (base 8) to base 10.
1838523
3313210142 (base 5) to base 8
33246444
Convert 2012121220 (base 3) to base 10.
43467
Convert -41114333 (base 5) to base 9.
-556048
Convert 120101020100 (base 3) to base 13.
a7a21
Convert 1066240 (base 8) to base 6.
10114212
Convert 61335313 (base 7) to base 10.
5118403
-d26ba (base 14) to base 15
-9eee1
-252831 (base 9) to base 13
-54871
3542061 (base 7) to base 12
196a43
-24102210 (base 5) to base 15
-45c70
Convert -101212022120 (base 3) to base 10.
-213828
Convert 1100001011000000011100 (base 2) to base 7.
36056442
Convert -47742472 (base 8) to base 4.
-213330110322
-14481 (base 9) to base 15
-2dd4
-9eeb3e (base 15) to base 11
-4316735
Convert 322351 (base 11) to base 10.
515516
What is -141207 (base 9) in base 13?
-30301
What is 22205 (base 12) in base 6?
545205
What is 1000031000231 (base 4) in base 2?
1000000001101000000101101
What is -1c09c (base 14) in base 3?
-10122001111
Convert 81d794 (base 14) to base 15.
5b738c
What is 101100000001000 (base 2) in base 16?
5808
-3677445 (base 8) to base 12
-40b885
-53b18 (base 14) to base 6
-4201242
Convert -4154722 (base 8) to base 14.
-20a654
What is -1221210002222 (base 3) in base 6?
-34133425
What is 165b92 (base 14) in base 13?
215cc8
Convert 31603 (base 13) to base 15.
1b517
1021202211002 (base 3) to base 16
a716e
Convert -83a9 (base 11) to base 6.
-123310
Convert 151565 (base 9) to base 4.
112231313
What is 109732 (base 10) in base 12?
53604
Convert 564520 (base 7) to base 10.
100072
-55a48 (base 13) to base 5
-14434130
Convert 46973 (base 10) to base 3.
2101102202
31122321320 (base 4) to base 16
35ae78
-100000111011000 (base 2) to base 4
-10013120
What is 423502 (base 6) in base 5?
2101101
Convert 66021331 (base 7) to base 11.
3210866
What is -2521403 (base 6) in base 16?
-20feb
Convert 249a586 (base 11) to base 13.
b89389
What is 143341123 (base 6) in base 3?
12120210110220
Convert 3342433421 (base 5) to base 15.
9ae8c6
-351bd (base 15) to base 6
-3343041
What is -10403342 (base 5) in base 15?
-1bed2
-23302020 (base 4) to base 3
-2110012120
Convert -605c (base 13) to base 15.
-3dde
-4c27e (base 15) to base 2
-111011011101110001
bb76 (base 13) to base 10
26123
What is 1305894 (base 11) in base 6?
120254132
What is 1ddf7 (base 16) in base 13?
43903
Convert 24f92 (base 16) to base 2.
100100111110010010
114720 (base 8) to base 6
502144
What is -45372757 (base 8) in base 13?
-20613a5
What is -6404602 (base 7) in base 10?
-774790
Convert 3e4c4 (base 15) to base 5.
22401314
15262517 (base 8) to base 10
3499343
Convert 58364 (base 14) to base 12.
a4304
-1322c0 (base 13) to base 12
-1a3348
What is -206265 (base 7) in base 12?
-18889
Convert 1232014001 (base 5) to base 10.
3001126
Convert -11000000011000110 (base 2) to base 12.
-49006
203003332 (base 4) to base 10
143614
What is 78680 (base 11) in base 8?
336435
What is 31524120 (base 6) in base 7?
10616004
What is -421015 (base 8) in base 12?
-68a91
1044050 (base 6) to base 8
146776
What is 113047 (base 11) in base 12?
88020
72150 (base 11) to base 3
12100110221
What is 15116213 (base 7) in base 14?
29440a
What is -176260 (base 11) in base 10?
-271832
Convert -11312313123 (base 4) to base 9.
-2800216
What is 2cd33 (base 14) in base 12?
55029
Convert 57557 (base 10) to base 5.
3320212
-7208883 (base 9) to base 15
-50e2b0
-157791 (base 11) to base 16
-3bb28
4686 (base 12) to base 2
1111011000110
Convert -96b228 (base 14) to base 12.
-1860330
Convert 3113211111 (base 4) to base 10.
883029
What is -456346 (base 9) in base 10?
-273660
-12066603 (base 8) to base 7
-31343263
What is 312de0 (base 16) in base 3?
20001202010200
1413276 (base 8) to base 13
10c823
What is -256355 (base 13) in base 2?
-11011011100001001110
1858171 (base 9) to base 16
fe8b7
280a69 (base 11) to base 10
440515
What is 11123304121 (base 5) in base 16?
bc066b
Convert -222313321223 (base 4) to base 9.
-23130028
What is 8073aa (base 11) in base 14?
25b172
Convert 230131031 (base 4) to base 13.
64b62
Convert 2943a7 (base 11) to base 14.
bd73d
What is 1410661 (base 10) in base 3?
2122200001201
Convert -434342122 (base 5) to base 3.
-10112002021012
Convert -17474657 (base 8) to base 10.
-4094383
What is -21102003 (base 5) in base 16?
-2ac95
-11011011010010001 (base 2) to base 12
-54b81
What is -9d0df (base 16) in base 6?
-21442115
What is 8a330 (base 13) in base 15?
4e589
What is 22750 (base 12) in base 11?
31615
51758 (base 16) to base 6
11052412
What is 189961 (base 11) in base 14?
78242
Convert 34503 (base 10) to base 16.
86c7
1543003 (base 7) to base 14
5753a
1011011101010111010 (base 2) to base 9
632052
Convert 2b9d1 (base 14) to base 13.
3a79a
Convert -722a37 (base 13) to base 4.
-22021332133
What is 176849a (base 11) in base 5?
1231414010
1022450 (base 6) to base 12
24a26
357277 (base 8) to base 10
122559
Convert -21212125 (base 8) to base 11.
-2612387
-1304403 (base 5) to base 9
-38107
4a7ca (base 16) to base 14
7d28a
What is -661145 (base 8) in base 15?
-45ab7
-130231110 (base 6) to base 12
-a25496
Convert -53315 (base 12) to base 7.
-633461
Convert 16295 (base 12) to base 15.
9505
What is 144142321 (base 5) in base 4?
2330120002
-38b2b3 (base 13) to base 4
-11031233222
Convert -121022202212 (base 3) to base 4.
-1032130223
Convert -19809cc (base 13) to base 10.
-8398623
What is 806b86 (base 13) in base 6?
143553423
What is -a96a9 (base 14) in base 7?
-3325602
Convert a5911 (base 12) to base 7.
1563361
-7835622 (base 9)